ppose -2*s - 4 - 10 = -4*y, 0 = -5*y + 25. Let a be 0 + -1*(s - 5). Give x(a).
3
Let v = -7 - -18. Let r = -7 + v. Let g(y) = y - 3. Give g(r).
1
Let y(o) = -o - 3. Let c(k) = k + 1. Let a be c(0). Let l be (a - 9)*3/6. Calculate y(l).
1
Let g(n) = n**2 - 5*n - 6. Let t(q) = -q. Let j = -12 + 11. Let f(p) = j*g(p) + 3*t(p). Determine f(5).
-9
Let c(d) be the first derivative of 3*d**2/2 - 5*d + 2. What is c(6)?
13
Let f(y) = -y + 4. Let o be (2 + 3)*114/(-10). Let a be o/(-11) + 22/(-121). What is f(a)?
-1
Suppose 0*o - 5*o = -10. Suppose -f = -o*i - 11, -5*i - 25 = -i - 3*f. Let a(n) = -3 + 3*n**2 + 4*n + n**2 - 3*n**2. Determine a(i).
-3
Let g(b) = b - 6. Let t = -24 + 19. What is g(t)?
-11
Let w be (-22)/55 - (-6)/(-5)*-2. Let z(h) = -h**3 + 3*h**2 - 3*h. What is z(w)?
-2
Let a(v) = -4*v**2 - 3*v + 5*v**3 - 4*v**3 - 2*v**3. Suppose 5*x = 5*i - 5 - 5, -x + 6 = 3*i. Suppose i*u + 0 = -4. Give a(u).
-2
Let u(s) = -s. Let d be u(0). Let z(m) be the third derivative of m**6/120 - m**5/60 - m**4/24 + 2*m**3/3 + 4*m**2. Determine z(d).
4
Let h = -157 - -160. Let b(a) = a**3 - 3*a**2 - 2*a - 3. What is b(h)?
-9
Let b(c) = c**3 - 2*c**2 - c + 1. Let f be (-2 - -1) + -4 + 1. Let j = 7 + f. Give b(j).
7
Suppose -b + 18 = -4*b. Let t = 10 + b. Let a be 80/(-36) - t/(-18). Let p(g) = -g**2 - 4*g - 2. What is p(a)?
2
Let t(f) = 3*f**2 + f. Let m be (-4)/(-6)*(-18)/(-12). Calculate t(m).
4
Let m(x) be the second derivative of x**8/6720 - x**7/504 + x**6/360 + x**5/40 + x**4/6 + 3*x. Let f(d) be the third derivative of m(d). Determine f(4).
-5
Let g(o) = o**3 - 2*o**2 + 2*o - 3. Let j = 5 - 10. Let q be j/((-10)/6) + -1. Calculate g(q).
1
Let c(m) be the second derivative of m**5/20 + m**4/4 + m**3/6 - m**2/2 - 31*m. Let o(f) = f**3 - 3*f**2 - 3. Let p be o(3). Calculate c(p).
-4
Let r(g) = 20*g**2 + 32*g - 32. Let m(d) = -7*d**2 - 11*d + 11. Let t(u) = -17*m(u) - 6*r(u). What is t(-7)?
-9
Let k be -3*(1 - (-34)/(-6)). Let u be 4/k - 32/14. Let q(m) = -m**3 - 3*m**2 + m + 1. What is q(u)?
-5
Let f(r) = 7*r - 12*r**2 + r - 4 + 13*r**2 - 2*r. Give f(-5).
-9
Suppose 4*o - 11*o - 21 = 0. Let k(s) = -2*s + 2. Give k(o).
8
Let h(f) = f**3 + 13*f**2 - 15*f - 9. Let b be h(-14). Let g(o) = -o**3 + 5*o**2 + 2*o - 4. Give g(b).
6
Let h = 20 + -20. Let x(q) be the second derivative of h + 1/4*q**4 - q - 1/20*q**5 - 1/6*q**3 - 2*q**2. Calculate x(3).
-7
Let r(v) be the second derivative of 0 + 1/2*v**2 - 7/6*v**3 + 4*v. Determine r(1).
-6
Let j(z) = z**2 + 6*z + 6. Suppose 13 = -5*h - 2. Let y be 0 - h - (12 - 4). Determine j(y).
1
Let l(t) = 4*t + 5. Suppose 3*x + 2*z = -4 + 30, -4*z + 16 = 0. Calculate l(x).
29
Let g(y) = 70*y - 24*y - 22*y - y**2 - 23*y - 5. Let v(q) = -q**3 - 4*q**2. Let s be v(-4). Determine g(s).
-5
Let x = 61 - 58. Let p(d) = d**2 - 5*d + 2. Determine p(x).
-4
Let r(v) = 7*v - 3*v - 1 + 2*v + 2*v. What is r(-1)?
-9
Let j(r) = -r**3 - 6*r**2 - 5*r + 3. Let v(b) = 2*b**2 + 6*b - 6. Let y be v(-6). Let i be (1/2)/((-3)/y). Calculate j(i).
3
Let t(v) = -2 - 4 - 10*v + 1 + 7*v. Determine t(-5).
10
Suppose -5*q - 15 = 5*j, -5*j - 4*q = 14 - 3. Let a(s) be the third derivative of s**4/24 - s**3/6 + 29*s**2. Give a(j).
0
Let q = -28 - -36. Let p(u) = u**2 - 8*u - 2. Calculate p(q).
-2
Let a(l) be the second derivative of -1/20*l**5 + 0 + 2*l**2 + 2*l - 5/12*l**4 + 1/3*l**3. Give a(-5).
-6
Let i(h) = -2*h + 9. Let j = 14 - 13. Suppose -4*k + 4*u = -16, -3*k - 5*u = j - 29. Give i(k).
-3
Suppose 3 = 2*v + 9. Let z = v + 8. Let o(p) = p - 3. Give o(z).
2
Let z be (-8)/(-28) + 4/(-21)*12. Let o(f) = -f**3 - f**2 - 3*f - 2. Calculate o(z).
8
Let c(y) be the third derivative of 5/24*y**4 + 0*y + 0 + y**2 + 1/2*y**3. What is c(-2)?
-7
Let x = -8 - -4. Let p(b) = -b**3 - 3*b**2 + 6*b. Let j = 2 + -1. Let k(q) = q - 1. Let m(o) = j*p(o) - 3*k(o). Determine m(x).
7
Let x be (-4)/(-8)*0/1. Suppose -3*f - 2 = 5*m, x*m - 3*m = -5*f + 8. Let z(i) = 6*i + 1. Determine z(m).
-5
Let k(n) = -n**2 + 10*n - 3. Let z be k(9). Let l(h) = -h**2 + 5*h. Calculate l(z).
-6
Let z = 4 - 2. Let s(x) = x - z*x - 3*x. Let w = 9 - 8. Calculate s(w).
-4
Let x(l) be the third derivative of -l**4/24 - 5*l**3/6 - 9*l**2. Give x(-7).
2
Suppose 0 = 2*s - 4*s + 2. Let m(w) = 0*w - w - 3*w + 6*w + s. What is m(5)?
11
Let u = 3 + -6. Let o(j) = j + 3. Calculate o(u).
0
Let x(q) = -q. Let d be x(0). Let f(w) = 7*w**2 - 6*w - 9. Let s(i) = -6*i**2 + 5*i + 8. Let a(b) = -5*f(b) - 6*s(b). Calculate a(d).
-3
Let v(b) be the third derivative of 5*b**4/12 + 4*b**2 - b. Give v(-1).
-10
Let h(k) = -8*k - 8. Let x be h(-6). Suppose 3*q + 5*o + x = -2*q, 4*q - 4*o + 8 = 0. Let t(g) = g + 5. Determine t(q).
0
Let b(y) = 10 + 5 - 14*y**2 + y**3 + 17*y**2 + 4*y - 13. Suppose -5*l + 4 = -l + 3*j, -l - 14 = -3*j. Calculate b(l).
-2
Let a(r) = -r**2 + 9*r - 6. Let g be (-1)/((-36)/(-39) - 1) + -4. Calculate a(g).
-6
Let f(a) = 3*a + 7. Let y be f(-2). Let r(h) = -h**3 - 2*h**2 + h. Give r(y).
-2
Let n(s) = 89*s**2 + 0*s + 1 - 2*s - 83*s**2. Calculate n(1).
5
Let g(v) = -v**3 - v**2 + v + 1. Let r(l) = 3*l**3 - l - 6. Let h(i) = -2*g(i) - r(i). Suppose 0 = -6*o + o + 15. Give h(o).
-8
Let y(a) = -3*a**2 - a - 11. Let t(c) = -4*c**2 - 2*c - 11. Let g(h) = 2*t(h) - 3*y(h). Let b(i) = i - 1. Let q(m) = 5*b(m) + g(m). What is q(-4)?
6
Let c(g) = g**2 - 7*g - 8. Suppose -15*d + 10*d + 40 = 0. Calculate c(d).
0
Let v(z) be the second derivative of z**4/6 - z**3/6 - z. Suppose 2*i = b + 6, 2*i - 2 = 3*b - 4*b. Determine v(b).
10
Let y(h) = h**3 - 6*h**2 - 2*h + 6. Let k = 38 - 32. Determine y(k).
-6
Suppose 30 = -k + 6*k. Let l(m) = -4 + m + k - 4*m - m**2. Calculate l(-3).
2
Let d(f) = f**2 + 8*f + 8. Let u be d(-6). Let n be (1/2 - 1)*u. Let s(l) = -3*l**2 + 4*l + 2*l**3 - 5 + 0 + 2. Give s(n).
9
Let q(a) = a**2 + 5*a - 1. Let i be q(-5). Let d(p) = 4*p - 4. Let h(c) = -c. Let y(g) = i*d(g) - 5*h(g). What is y(5)?
9
Let z(w) be the third derivative of -w**4/24 + w**3/2 - w**2. Suppose 0 = 2*y + 5*h - 19, 3*y + 2*y = 2*h + 4. Calculate z(y).
1
Let t be 2/3*(-3 - 0/6). Let n(q) = 8*q + 3. Calculate n(t).
-13
Let u(r) = r - 1. Suppose -c = -2*c + 3. Suppose 0 = 2*y + c - 13. What is u(y)?
4
Let h(j) be the second derivative of -j**5/20 - j**4/12 + j**2/2 + 7*j. Let p(k) = k**2 + 1 + 0 - k + 2*k. Let o be p(-1). Calculate h(o).
-1
Let w(v) be the first derivative of -5 + 4*v + 1/2*v**2. Determine w(-6).
-2
Suppose -15 - 1 = -4*j. Let u(k) = 2*k**2 - 6*k + 1. Determine u(j).
9
Let o(c) = c**2 + 2*c + 3. Let b be o(-2). Let l be 6/(b/1) - 0. Suppose l*z = -3*z - 10. Let t(j) = -2*j**2 - 3*j - 2. Give t(z).
-4
Let p(i) be the first derivative of -i**4/4 + i**3 + i**2 + i + 22. What is p(4)?
-7
Let q be (-160)/28 - (-4)/(-14). Let u(l) = l**2 + 7*l + 1. Give u(q).
-5
Let k(s) be the first derivative of s**2/2 - 17. Give k(5).
5
Let a(f) = 5*f**3 + f**2 + 812 - 812. Suppose 0 = -5*r + 11 + 4. Suppose 4*c + 0*o = -3*o + 16, o - 7 = -r*c. Determine a(c).
6
Let i = 28 - 23. Let w(u) be the first derivative of -u**3/3 + 2*u**2 - 4*u + 1. Calculate w(i).
-9
Let u(y) = y**2 - 5*y + 4. Suppose 2*m + 2*m = -8. Let s(v) = -4*v - 2. Let l be s(m). Let z = 10 - l. Calculate u(z).
0
Let h(a) = -a**2 - 8*a + 22. Let u be h(-10). Let w(t) = t - 2. Give w(u).
0
Suppose 20 = 2*k + 2*k. Let y(g) = g - 12 - 10 + 38 - 10. Give y(k).
11
Let h(v) = v + 8. Let c(m) be the first derivative of -m**2 - 15*m + 2. Let g(x) = -3*c(x) - 5*h(x). What is g(-4)?
1
Let b(y) = -y**2 - 10*y - 7. Let z be b(-9). Let k(g) = -g**3 + 5*g**z - 2*g + 10*g - g. What is k(6)?
6
Let g = 1 + -1. Suppose g = 4*t + 20 - 8. Let u(h) = h + 5. Let p(k) = -2*k - 10. Let s(v) = -6*p(v) - 11*u(v). Determine s(t).
2
Let u(t) be the first derivative of -t**4/4 + t**3 - t**2/2 - 3*t - 2. Let a(p) = p**2 - 3*p + 3. Let w be a(3). Determine u(w).
-6
Let g(q) = -6*q**3 + q**2. Let a = -100 + 101. Give g(a).
-5
Let i(u) = u + 5. Let v(q) = -3. Let a(r) = 3*i(r) + 5*v(r). Determine a(-2).
-6
Let f(l) be the second derivative of 2/3*l**3 + 0 + 4*l - 1/2*l**2. Determine f(2).
7
Let d(x) = x**2 - 10*x + 12. Let a(v) = 3*v**2 - 31*v + 37. Let c(w) = -2*a(w) + 7*d(w). Determine c(7).
3
Let q(v) = -v**2 + 3*v + 2. Suppose 3*h = 2*u + 23, -5*h - 5*u - 1 + 6 = 0. Let a(s) = -s - 1. Let 